*k + 4*k - 1, 5*k - 22 = -4*d. Suppose d*m - 5*l = 40, m - 3*m = 5*l + 15. Let b(s) = 2*s**2 - 2 - 4*s - s + m*s. Give b(-2).
6
Suppose 42*p + 256 = -i - i, 4*i + 5*p = -38. Let f(o) = 3*o**2 - 40*o - 88. Determine f(i).
4
Let i(d) = -18*d**2 - 54*d - 68. Let p(k) = -16*k**2 - 58*k - 68. Let m(u) = -3*i(u) + 4*p(u). Determine m(-1).
-8
Let o(f) = -f - 6. Let u(q) = -21*q**2 - 274*q - 3. Let y be u(-13). What is o(y)?
-16
Let s(n) be the second derivative of -1/6*n**3 + 131*n - 7/2*n**2 + 0. Calculate s(-8).
1
Let p(l) = 12*l - 51. Suppose -1826*j - 31 = -1831*j + 2*y, -j + 2*y + 11 = 0. Calculate p(j).
9
Let s(v) = -48*v - 1. Let d be -3 + 6 + (-6712)/(-8). Let w = d + -843. Determine s(w).
47
Suppose -4*x + 3*x = -2. Suppose 0 = 4*o - 4*k + 4, -o + x*k + 7 = -k. Let f(s) = -s**3 - 6*s**2 - 2*s - 2. What is f(o)?
-17
Let c(o) be the second derivative of o**5/20 + 13*o**4/12 + o**3/3 + 19*o**2/2 + 908*o. Calculate c(-13).
-7
Let g(q) = q**3 + q**2 + q + 2. Suppose 0 = -8*s + 6 - 14. Let a(j) = -4*j**3 + 9*j**2 - 14*j - 7. Let m(n) = s*a(n) - 3*g(n). Calculate m(11).
1
Let z(h) = -24*h - 1. Let p(o) = -44*o + 16. Let r(u) = -p(u) + 2*z(u). Determine r(3).
-30
Let v = -214 + 221. Let q(o) = -o**3 - 18*o - 2*o + 10*o + v + 12*o**2. What is q(11)?
18
Let d(w) = -7*w + 2*w**2 + 2*w**2 - 5 - 3*w**2. Suppose 15948 - 20372 = -632*u. Calculate d(u).
-5
Let o(i) = -i**3 + 6*i**2 - 4*i - 7. Let m = -2932 + 2936. What is o(m)?
9
Let a(k) = 11*k**2 - 22*k - 30. Let z(b) = -24*b**2 + 44*b + 63. Let f(u) = -13*a(u) - 6*z(u). Determine f(-21).
-9
Let y be 16 + -5 + -7 + -2. Suppose -4*n = 3*j - 27, -n + 0 + 3 = 0. Let f(o) = -2*o - 3*o**2 - j*o - 1 + 0 + 2*o**y. Give f(-7).
-1
Let k(n) = 10*n**2 - 2*n - 1. Let i(r) = 150*r - 11. Let v be i(1). Let o = 138 - v. What is k(o)?
11
Suppose -5*b - 10 - 10 = 0, -5*b - 36 = 2*c. Let k(j) be the third derivative of j**6/120 + 3*j**5/20 + 7*j**4/24 - j**3/6 + 427*j**2. Calculate k(c).
7
Let h(m) = -m**2 + m. Let w(o) be the third derivative of -o**5/15 + o**4/3 + o**3/2 - 4*o**2 + 2. Let u(t) = 2*h(t) - w(t). Calculate u(5).
17
Let g(k) = -12*k**2 - 2*k + 1. Let h be (1 - 0)/((-12)/(-60)). Suppose -h*y = 58 + 72. Let s = 27 + y. What is g(s)?
-13
Let s(b) = b + 22. Let x be 1260/(-1365) + 314/(-26). Give s(x).
9
Let y(q) be the second derivative of q**2/2 + 61*q - 2. Let z(m) = -3*m - 5. Let c(x) = -6*y(x) - z(x). What is c(1)?
2
Let t(z) = -20*z - 10*z**2 - 156597*z**3 - 5 + 313187*z**3 - 156591*z**3. Determine t(-8).
27
Let n be -14*3*-125 - -5. Let m(b) = 6*b**3 + n - 5254 + 6*b**3. Calculate m(-1).
-11
Suppose -4*b = -4, 5*b - 21 + 14 = -n. Let t(y) = -1 + 3 + 3 - n + 170*y + 2*y**2 - y**3 - 173*y. Give t(2).
-3
Let s(f) = -15*f**3 + 4*f**2 - 3*f + 1. Suppose 0 = -2*m + 3*w - 1, 606*w - 5 = 601*w. Calculate s(m).
-13
Let o(n) = 10*n + 43. Suppose 11*j + 6*j + 6*j + 92 = 0. What is o(j)?
3
Let c = -944 + 945. Let k = -7 - -7. Let v(f) = k*f - f + 0*f. Calculate v(c).
-1
Let g(k) be the second derivative of 7*k**3/2 + 77*k**2 + 2275*k + 2. What is g(-7)?
7
Suppose 4*v + 25 = 5*r, -2*v + 118 = r + 127. Let q(b) = -16*b**2 - 4. Let o(a) = 16*a**2 + 3. Let s(p) = -4*o(p) - 3*q(p). Determine s(r).
-16
Let d(s) be the first derivative of s**7/840 + s**6/72 + s**5/20 + 5*s**4/24 + 46*s**3/3 - 63. Let a(b) be the third derivative of d(b). Give a(-5).
-25
Let g(y) = y**3 - 5*y**2 + 4*y - 3. Let b = -2590 - -2594. Give g(b).
-3
Let w = 49 - 45. Let u(v) = -2*v**2 - w*v**2 + 11 + 0*v**2 - 11*v + 5*v**2. Calculate u(-12).
-1
Suppose -3*c = 10*j - 11*j - 43, -2*c = j - 27. Let i(r) be the first derivative of -5*r**3 + 60 - 16 - 15*r + c*r + 9*r**3. Give i(-1).
11
Suppose -8 = -j - 5*p, 3*j - 5*p - 37 + 33 = 0. Let d(n) = 2*n**3 - 8*n**2 + 7*n + 4. Determine d(j).
7
Let g(j) = j**3 - 3*j**2 - 3*j - 2. Let k = -8 + 14. Let p(d) = -3*d + 13 + 0 + 8. Let z be p(k). Calculate g(z).
-11
Suppose 2*g = -2*k, 5*k + 460 - 436 = g. Let o(c) = 116*c + 458. What is o(k)?
-6
Let x = 5713 - 5717. Let s(j) = -23*j - 90. Calculate s(x).
2
Let p(u) = -2*u + 1044. Let f(o) = -o + 1255. Let d(n) = -5*f(n) + 6*p(n). Calculate d(-13).
80
Let o(p) = p**2 + 8*p - 2. Let t(b) = b**3 + 11*b**2 + 10*b - 9. Let g(i) = -9*i**2 + i - 2. Let f = 0 - -1. Let c be g(f). Let a be t(c). Determine o(a).
7
Suppose 3*z - 68 = 6*b - b, 0 = 2*z + 6*b - 8. Let o(y) = 2*y + 23. Calculate o(z).
55
Let c(d) = d**3 + 2*d**2 - 3*d - 2. Let l(n) = 7*n - 19. Let b be l(3). Suppose -5*x + 4*x = -b. Suppose 2 = -3*t + x*t. What is c(t)?
4
Let u(v) = 2*v**3 + 13*v**2 - 2*v - 93. Let k be u(-5). Let b(j) = 9*j + 53. Give b(k).
-19
Let a(p) = 2*p - 16. Suppose -444 = 34*u - 546. Give a(u).
-10
Let y = 34078 - 34077. Let o(b) = 118*b - 113. Give o(y).
5
Let c = -676 + 677. Suppose 0 = -4*f + 20, -3*f = -3*s + 7*s - 35. Let w(u) = 1 + 0*u - s*u - u. What is w(c)?
-5
Let n be (-8)/6 + (255/(-9))/5. Let a be -12*((-21)/6)/(-7). Let t(l) = -l**2 - 12*l - 9. Let f(s) = s + 1. Let p(z) = a*f(z) - t(z). Determine p(n).
10
Let j(r) = -20*r**2 + 8*r - 1. Let i(o) = -4*o**2 - 1. Let a(l) = 4*i(l) - j(l). Let y(q) = -q**2 + 4. Let h(v) = a(v) + 3*y(v). Give h(6).
-3
Let r(x) be the first derivative of -x**3/3 + 13*x**2/2 + 226*x + 501. Calculate r(-10).
-4
Suppose 2*z = 7*z - 5*c + 3815, 3*c + 1506 = -2*z. Let x = 762 + z. Let m(i) = -3*i - 7. Determine m(x).
-16
Suppose -3*u + 10 = f, -44*u - f = -47*u - 4. Let c(h) be the third derivative of -h**4/2 + h**3/6 - h**2. Calculate c(u).
-11
Let y(i) = 14*i**3 - 27*i**2 - 36 + 9*i + 17*i - 22 - 15*i**3 - 7. Give y(-28).
-9
Let h(k) = 12*k + 5*k - 1 + 8*k + 18*k - 45*k. Suppose 6*g = 2*g - 20. What is h(g)?
9
Let d(v) = -2*v**3 - 10*v**2 - 10*v + 10. Let s(c) = -c**3 - 8*c**2 - 7*c + 11. Let k(w) = 2*d(w) - 3*s(w). Determine k(3).
-1
Let f(n) = 5*n**3 - 13*n**2 - 2*n - 3. Let i(b) = -7*b**3 + 15*b**2 + 2*b + 3. Let c(x) = -3*f(x) - 2*i(x). Give c(9).
21
Let t(g) = -6*g - 14. Let r(n) = 31*n + 75. Let z(b) = -2*r(b) - 11*t(b). What is z(-2)?
-4
Let r(h) = -9*h**2 - 324*h + 4. Let w(k) = k**2 + 12*k - 1. Let z(u) = -r(u) - 3*w(u). What is z(-48)?
-1
Let r(k) be the second derivative of k**3/3 + 25*k**2 + 637*k. What is r(-25)?
0
Let r(d) = -d**3 - 9*d**2 - 6*d + 8. Let i = 148 + -156. Let h be 12/(-4) + i + 3. Calculate r(h).
-8
Suppose 126 = 16*i - 7*i. Suppose -13*j + 6*j = -i. Let f(k) = 11*k**j + 5 - k + 28 - 7 - 10*k**2. Give f(0).
26
Let l(m) = -m - 4. Let k(i) = 27*i - 9. Suppose -16*n + 15 = -19*n. Let h(t) = 13*t - 5. Let c(y) = n*h(y) + 2*k(y). Let g be c(1). Determine l(g).
0
Let c(h) = -103*h - 1. Let j(q) = -57*q - 2. Let s(i) = 4*c(i) - 7*j(i). What is s(2)?
-16
Let x(j) = -3*j**3 - 5*j**2 + j + 1. Let o be x(1). Let r(p) = 0 + 8*p**3 - 3*p - 8*p**3 - 6*p**2 - p**3 - 3. Give r(o).
15
Let b(d) be the first derivative of 4*d + 5/2*d**2 - 2/3*d**3 - 146. Determine b(3).
1
Let c be -12*(40/15 - 4). Let z(w) = 6 + w**3 + 8*w**2 - w**2 - 3*w - c. Determine z(-7).
11
Suppose -32 - 13 = -3*t. Let u(k) be the first derivative of -k**3/3 + 15*k**2/2 - 3*k - 85. Let d be u(t). Let x(m) = -m**3 - 4*m**2 + 3. What is x(d)?
-6
Let j(x) = -3*x + 3. Suppose 2*m + 3 = v + 6, 3*v + 6 = 5*m. Suppose v*y = -3*r, 0 = 5*r - 6*y + 2*y - 27. Calculate j(r).
-6
Let i(v) = 4*v**3 - 785*v + 5*v**2 - 741*v + 2 - 729*v + 2261*v - 3*v**3. Let z be 1*1*(-3 - 0). Determine i(z).
2
Let l = 674 + -667. Let c(p) = l*p**2 - 26*p + 8 + 16*p + 8*p**3 - 9*p**3. What is c(6)?
-16
Let p(m) = -19*m - 86. Let i(q) = -9*q - 31. Let v(f) = -5*i(f) + 2*p(f). Give v(3).
4
Let r(p) = 47*p - 581. Let q be r(13). Let t(u) = -u**2 + 33*u - 110. Calculate t(q).
-20
Let o(q) = 4*q. Let l be 10/((-120)/27)*16/(-6). Suppose -154 + 118 = -l*y. Determine o(y).
24
Let i(d) = 231*d**3 - 2*d**2 + 8*d - 6. Let q be i(1). Let o(k) = 0*k + q + 2*k**2 - 3*k**2 + 4*k - 221. Give o(7).
-11
Let i(n) = 17*n - 16. Let x(t) = 2*t - 15. Let f be x(9). Let y(b) = 8*b - 6*b + 2 - 8*b + f. Let w(z) = 4*i(z) + 11*y(z). What is w(8)?
7
Suppose -2*o = -3*l + l - 16, -2*o = -5*l - 13. Let y(m) = 22 - 8 - o - 2 - 4*m. What is y(4)?
-13
Let m(n) = n**3 - 3*n**3 + 29 - 4*n**3 - 30. Suppose 1 = -h + 2*h. Let q be m(h). Let v(w) = -w**2 - 10*w - 10. Calculate v(q).
11
Let a = 10606 - 10613. Let q(z) = 12*z**2 + 8